{"id":7,"date":"2010-09-10T21:56:02","date_gmt":"2010-09-10T21:56:02","guid":{"rendered":"http:\/\/construinforme.com\/main\/?page_id=2"},"modified":"2010-09-10T21:56:02","modified_gmt":"2010-09-10T21:56:02","slug":"acerca-del-construinforme","status":"publish","type":"page","link":"https:\/\/new.construinforme.com\/?page_id=7","title":{"rendered":"Acerca de"},"content":{"rendered":"<p>Construinforme es un amplio listado en linea que le permite realizar consultas de todo lo relacionado a proveedores, proyectos, insumos en el sector de la construcci\u00f3n en Latino America.<br \/>\nCon solo manipular nuestro\u00a0<a title=\"ConstruInforme\" href=\"http:\/\/construinforme.com\/\">motor de b\u00fasqueda<\/a>, usted tendr\u00e1 acceso a precios, descripciones, proveedores y muchos m\u00e1s detalles de los insumos m\u00e1s importantes del sector de la construcci\u00f3n.<\/p>\n<p>El Construinforme es la base de datos ideal para todas las empresas o personas independientes que comiencen a realizar un proyecto y deseen estar al tanto de los productos disponibles en el mercado local.<\/p>\n<p>\u00bfy\u00a0usted\u00a0ya\u00a0esta\u00a0en\u00a0el\u00a0Construinforme?<\/p>\n<p>Construinforme.com es la\u00a0mejor\u00a0base\u00a0de\u00a0datos\u00a0de\u00a0proveedores\u00a0y\u00a0proyectos de construcci\u00f3n en Belice, Colombia, Costa Rica, El Salvador, Guatemala, Honduras, Mexico, Nicaragua y\u00a0Panama.<\/p>\n<p>Inscr\u00edbase\u00a0como\u00a0proveedor\u00a0<a title=\"Inscribase como Proveedor\" href=\"http:\/\/construinforme.com\/proveedor\">aqui<\/a>.<\/p>\n<p>Inscriba\u00a0su\u00a0proyecto\u00a0<a title=\"Inscriba su Proyecto\" href=\"http:\/\/construinforme.com\/proyecto\">aqui<\/a>.<\/p>\n<div><\/div>\n","protected":false},"excerpt":{"rendered":"<p>Construinforme es un amplio listado en linea que le permite realizar consultas de todo lo relacionado a proveedores, proyectos, insumos en el sector de la construcci\u00f3n en Latino America. Con solo manipular nuestro\u00a0motor de b\u00fasqueda, usted tendr\u00e1 acceso a precios, descripciones, proveedores y muchos m\u00e1s detalles de los insumos m\u00e1s importantes del sector de la [&hellip;]<\/p>\n","protected":false},"author":1,"featured_media":0,"parent":0,"menu_order":1,"comment_status":"closed","ping_status":"closed","template":"","meta":{"footnotes":""},"class_list":["post-7","page","type-page","status-publish","hentry"],"_links":{"self":[{"href":"https:\/\/new.construinforme.com\/index.php?rest_route=\/wp\/v2\/pages\/7","targetHints":{"allow":["GET"]}}],"collection":[{"href":"https:\/\/new.construinforme.com\/index.php?rest_route=\/wp\/v2\/pages"}],"about":[{"href":"https:\/\/new.construinforme.com\/index.php?rest_route=\/wp\/v2\/types\/page"}],"author":[{"embeddable":true,"href":"https:\/\/new.construinforme.com\/index.php?rest_route=\/wp\/v2\/users\/1"}],"replies":[{"embeddable":true,"href":"https:\/\/new.construinforme.com\/index.php?rest_route=%2Fwp%2Fv2%2Fcomments&post=7"}],"version-history":[{"count":0,"href":"https:\/\/new.construinforme.com\/index.php?rest_route=\/wp\/v2\/pages\/7\/revisions"}],"wp:attachment":[{"href":"https:\/\/new.construinforme.com\/index.php?rest_route=%2Fwp%2Fv2%2Fmedia&parent=7"}],"curies":[{"name":"wp","href":"https:\/\/api.w.org\/{rel}","templated":true}]}}