{"id":49,"date":"2012-02-20T22:34:04","date_gmt":"2012-02-20T22:34:04","guid":{"rendered":"http:\/\/construinforme.com\/main\/?page_id=49"},"modified":"2012-02-20T22:34:04","modified_gmt":"2012-02-20T22:34:04","slug":"condiciones-de-servicio","status":"publish","type":"page","link":"https:\/\/new.construinforme.com\/?page_id=49","title":{"rendered":"Condiciones de servicio de ConstruInforme"},"content":{"rendered":"<h1 dir=\"ltr\"><\/h1>\n<h2 dir=\"ltr\"><span style=\"color: #000000;\">Te damos la bienvenida a ConstruInforme<\/span><\/h2>\n<p><span style=\"color: #000000;\">Te agradecemos que uses los productos y los servicios de ConstruInforme (en adelante, los \u00abServicios\u00bb). Los Servicios se proporcionan a trav\u00e9s de ConstruInforme.com (en adelante, \u00abConstruInforme\u00bb), cuyo domicilio social est\u00e1 ubicado en Escazu, Costa Rica.<br \/>\nEl uso de nuestros Servicios implica la aceptaci\u00f3n de estas condiciones. Te recomendamos que las leas detenidamente.<br \/>\nNuestros Servicios son muy diversos, por lo que en ocasiones se pueden aplicar condiciones o requisitos de productos adicionales (incluidas restricciones de edad). Las condiciones adicionales estar\u00e1n disponibles junto con los Servicios pertinentes y formar\u00e1n parte del acuerdo que estableces con ConstruInforme al usar nuestros servicios.<br \/>\n<\/span><\/p>\n<h2 dir=\"ltr\"><span style=\"color: #000000;\">Uso de nuestros Servicios<\/span><\/h2>\n<p><span style=\"color: #000000;\">Debes seguir las pol\u00edticas disponibles a trav\u00e9s de los Servicios.<br \/>\nNo debes usar nuestros Servicios de forma inadecuada. Por ejemplo, no debes interferir con dichos Servicios ni intentar acceder a ellos usando un m\u00e9todo distinto a la interfaz y a las instrucciones proporcionadas por ConstruInforme. Solo podr\u00e1s usar los Servicios en la medida en que la ley lo permita, incluidas las leyes y las normativas de control de las exportaciones y de las reexportaciones que est\u00e9n en vigor. Podemos suspender o cancelar nuestros Servicios si no cumples con nuestras pol\u00edticas o condiciones o si consideramos que tu conducta puede ser malintencionada.<br \/>\nEl uso de nuestros Servicios no te convierte en titular de ninguno de los derechos de propiedad intelectual de los mismos ni del contenido al que accedas. Solo podr\u00e1s usar el contenido de nuestros Servicios si te autoriza su titular o si est\u00e1 permitido por la ley. Estas condiciones no te otorgan el derecho a usar las marcas ni los logotipos utilizados en nuestros Servicios. No elimines, ocultes ni alteres los avisos legales que se muestren en nuestros Servicios.<br \/>\nNuestros servicios muestran contenido que no pertenece a ConstruInforme. Este contenido es responsabilidad exclusiva de la entidad que lo haya puesto a disposici\u00f3n. Podemos revisar el contenido para determinar si es ilegal o infringe nuestras pol\u00edticas, y eliminarlo o negarnos a publicarlo si tenemos razones suficientes para considerar que infringe nuestras pol\u00edticas o la ley. Sin embargo, esta posibilidad no implica necesariamente que revisemos el contenido, por lo que no debes dar por sentado que vayamos a hacerlo.<br \/>\nEn relaci\u00f3n con el uso de los Servicios, podemos enviarte avisos de servicio, mensajes administrativo y otro tipo de informaci\u00f3n. Si quieres, puedes desactivar algunas de estas comunicaciones.<br \/>\n<\/span><\/p>\n<h2 dir=\"ltr\"><span style=\"color: #000000;\">Tu cuenta de ConstruInforme<\/span><\/h2>\n<p><span style=\"color: #000000;\">Es posible que necesites una cuenta de ConstruInforme para utilizar algunos de nuestros Servicios. Puedes crear tu propia cuenta de ConstruInforme o puede serte asignada por un administrador, la empresa para la que trabajas o una instituci\u00f3n educativa. Si usas una cuenta de ConstruInforme asignada por un administrador, puede que se te apliquen t\u00e9rminos distintos o adicionales, y tu administrador podr\u00e1 acceder a tu cuenta o inhabilitarla.<br \/>\nSi detectas un uso no autorizado de tu cuenta o de tu contrase\u00f1a, por favor comunicate con nosotros a info@construinforme.com<br \/>\n<\/span><\/p>\n<h2 dir=\"ltr\"><span style=\"color: #000000;\">Protecci\u00f3n de la privacidad y de los derechos de autor<\/span><\/h2>\n<p><span style=\"color: #000000;\">Las <a href=\"http:\/\/construinforme.com\/main\/politica-de-seguridad-privacidad\/\"><span style=\"color: #000000;\">pol\u00edticas de privacidad<\/span><\/a> de ConstruInforme explican el tratamiento de los datos personales y la protecci\u00f3n de la privacidad al usar nuestros Servicios. Si usas nuestros servicios, aceptas que ConstruInforme use dichos datos de conformidad con sus pol\u00edticas de privacidad.<br \/>\nRespondemos a las notificaciones de presuntas infracciones de los derechos de autor y cancelamos las cuentas de los usuarios que cometen infracciones reiteradas de acuerdo con el proceso establecido en la ley. estadounidense de protecci\u00f3n de los derechos de autor (Digital Millenium Copyright Act, DMCA).<br \/>\nAsimismo, ofrecemos informaci\u00f3n para facilitar a los titulares de derechos la gesti\u00f3n online de sus derechos de autor. Si consideras que alg\u00fan usuario est\u00e1 infringiendo tus derechos de autor y quieres informarnos de ello, por favor escribenos a info@construinformme.com<\/span><\/p>\n<p><span style=\"color: #000000;\">Tu contenido en nuestros Servicios<\/span><br \/>\n<span style=\"color: #000000;\"> Algunos de nuestros servicios te permiten enviar contenido. Si lo haces, seguir\u00e1s siendo el titular de los derechos de propiedad intelectual que tengas sobre ese contenido. En pocas palabras, lo que te pertenece, tuyo es.<\/span><br \/>\n<span style=\"color: #000000;\"> Al subir contenido o al enviarlo por otros medios a nuestros Servicios, concedes a ConstruInforme (y a sus colaboradores) una licencia mundial para usar, alojar, almacenar, reproducir, modificar, crear obras derivadas (por ejemplo, las que resulten de la traducci\u00f3n, la adaptaci\u00f3n u otros cambios que realicemos para que tu contenido se adapte mejor a nuestros Servicios), comunicar, publicar, ejecutar o mostrar p\u00fablicamente y distribuir dicho contenido. ConstruInforme usar\u00e1 los derechos que le confiere esta licencia \u00fanicamente con el fin de proporcionar, promocionar y mejorar los Servicios y de desarrollar servicios nuevos. Esta licencia seguir\u00e1 vigente incluso cuando dejes de usar nuestros Servicios (por ejemplo, en el caso de una ficha de empresa que hayas a\u00f1adido a ConstruInforme). Algunos Servicios te permiten acceder al contenido que hayas proporcionado y eliminarlo. Adem\u00e1s, en algunos de nuestros Servicios se incluyen condiciones o ajustes que limitan nuestro uso del contenido que se haya enviado a los mismos. Aseg\u00farate de tener los derechos necesarios para concedernos esta licencia sobre cualquier contenido que env\u00edes a nuestros Servicios.<\/span><br \/>\n<span style=\"color: #000000;\"> Para obtener m\u00e1s informaci\u00f3n sobre c\u00f3mo ConstruInforme usa o almacena contenido, consulta la pol\u00edtica de privacidad o las condiciones adicionales de cada Servicio. ConstruInforme podr\u00e1 usar los comentarios o las sugerencias que env\u00edes en relaci\u00f3n con nuestros Servicios sin ning\u00fan compromiso.<\/span><\/p>\n<h2 dir=\"ltr\"><span style=\"color: #000000;\">Acerca del software de nuestros Servicios<\/span><\/h2>\n<p><span style=\"color: #000000;\">Si un Servicio requiere o incluye software que se puede descargar, este software podr\u00e1 actualizarse autom\u00e1ticamente en tu dispositivo siempre que haya versiones o funciones nuevas disponibles. Algunos Servicios pueden permitir que definas los ajustes de actualizaci\u00f3n autom\u00e1tica.<br \/>\nConstruInforme te concede una licencia personal mundial, libre de royalties, intransmisible y no exclusiva para usar el software que se te proporcione como parte de los Servicios. El \u00fanico prop\u00f3sito de esta licencia es permitirte usar los Servicios que ofrece ConstruInforme y beneficiarte de ellos, seg\u00fan lo estipulado en estas condiciones. No podr\u00e1s copiar, modificar, distribuir, vender ni prestar ninguna parte de nuestros Servicios ni del software incluido ni podr\u00e1s aplicar t\u00e9cnicas de ingenier\u00eda inversa ni intentar extraer el c\u00f3digo fuente de dicho software, salvo si la legislaci\u00f3n proh\u00edbe dichas restricciones o si tienes consentimiento de ConstruInforme por escrito.<br \/>\nConstruInforme otorga gran importancia al software de c\u00f3digo abierto. Parte del software que usan nuestros Servicios se ofrece con una licencia de software de c\u00f3digo abierto que pondremos a tu disposici\u00f3n. Puede que algunas de las disposiciones establecidas en la licencia de software de c\u00f3digo abierto anulen expresamente algunas de estas condiciones.<br \/>\n<\/span><\/p>\n<h2 dir=\"ltr\"><span style=\"color: #000000;\">C\u00f3mo modificar y cancelar nuestros Servicios<\/span><\/h2>\n<p><span style=\"color: #000000;\">ConstruInforme cambia y mejora sus Servicios constantemente. Por ello, es posible que a\u00f1adamos o eliminemos algunas funciones o caracter\u00edsticas, o que suspendamos o cancelemos un Servicio por completo.<br \/>\nPuedes dejar de usar los Servicios en cualquier momento, aunque lamentar\u00edamos que as\u00ed fuera. De igual modo, ConstruInforme puede dejar de proporcionarte los Servicios o a\u00f1adir o crear nuevas limitaciones en cualquier momento.<br \/>\nConsideramos que eres el propietario de tus datos y que es importante preservar tu acceso a los mismos. Si interrumpimos un Servicio, en los casos en los que sea razonable, te informaremos con suficiente antelaci\u00f3n y te permitiremos extraer la informaci\u00f3n del Servicio.<br \/>\n<\/span><\/p>\n<h2 dir=\"ltr\"><span style=\"color: #000000;\">Nuestras garant\u00edas y renuncias de responsabilidad<\/span><\/h2>\n<p><span style=\"color: #000000;\">ConstruInforme ofrece sus Servicios con un nivel de competencia y diligencia razonable desde el punto de vista comercial, y esperamos que disfrutes al usarlos. No obstante no podemos ofrecer garant\u00edas en relaci\u00f3n con algunos aspectos de nuestros Servicios.<br \/>\nNI CONSTRUINFORME NI SUS PROVEEDORES O DISTRIBUIDORES OFRECEN GARANT\u00cdAS ESPEC\u00cdFICAS SOBRE LOS SERVICIOS DISTINTAS A LAS ESTABLECIDAS DE FORMA EXPRESA EN ESTAS CONDICIONES O EN LAS CONDICIONES ADICIONALES. POR EJEMPLO, CONSTRUINFORME NO OFRECE NINGUNA GARANT\u00cdA EN RELACI\u00d3N CON EL CONTENIDO DE LOS SERVICIOS, SUS FUNCIONES ESPEC\u00cdFICAS, SU FIABILIDAD, SU DISPONIBILIDAD NI SU CAPACIDAD PARA SATISFACER TUS NECESIDADES. LOS SERVICIOS SE OFRECEN \u00abTAL CUAL\u00bb.<br \/>\nALGUNAS JURISDICCIONES ESTABLECEN DETERMINADAS GARANT\u00cdAS, COMO LA GARANT\u00cdA IMPL\u00cdCITA DE COMERCIABILIDAD, DE IDONEIDAD PARA UN FIN CONCRETO Y DE NO INCUMPLIMIENTO. EN LA MEDIDA EN QUE LA LEY LO PERMITA, CONSTRUINFORME EXCLUYE TODAS LAS GARANT\u00cdAS.<br \/>\n<\/span><\/p>\n<h2 dir=\"ltr\"><span style=\"color: #000000;\">Responsabilidad por nuestros Servicios<\/span><\/h2>\n<p><span style=\"color: #000000;\">EN LOS CASOS PERMITIDOS POR LA LEY, NI CONSTRUINFORME NI SUS PROVEEDORES O DISTRIBUIDORES SER\u00c1N RESPONSABLES DE LA P\u00c9RDIDA DE BENEFICIOS, DE INGRESOS NI DE DATOS, NI DE P\u00c9RDIDAS FINANCIERAS NI DE DA\u00d1OS INDIRECTOS, ESPECIALES, DERIVADOS, EJEMPLARES NI PUNITIVOS.<br \/>\nEN LA MEDIDA EN QUE LA LEY LO PERMITA, LA COBERTURA TOTAL DE CONSTRUINFORME, AS\u00cd COMO LA DE SUS PROVEEDORES Y DISTRIBUIDORES, POR CUALQUIER RECLAMACI\u00d3N RELACIONADA CON ESTAS CONDICIONES, INCLUIDA CUALQUIER GARANT\u00cdA IMPL\u00cdCITA, SE LIMITA AL IMPORTE QUE HAYAS PAGADO PARA USAR LOS SERVICIOS (O, SI CONSTRUINFORME AS\u00cd LO DECIDE, A LA REANUDACI\u00d3N DE LOS SERVICIOS).<br \/>\nEN NING\u00daN CASO, NI CONSTRUINFORME NI SUS PROVEEDORES Y DISTRIBUIDORES SER\u00c1N RESPONSABLES POR CUALQUIER P\u00c9RDIDA O DA\u00d1O QUE NO SEAN PREVISIBLES DE FORMA RAZONABLE.<br \/>\n<\/span><\/p>\n<h2 dir=\"ltr\"><span style=\"color: #000000;\">Uso de nuestros Servicios por parte de empresas<\/span><\/h2>\n<p><span style=\"color: #000000;\">Si usas los Servicios en nombre de una empresa, la empresa acepta estas condiciones. Se eximir\u00e1 de responsabilidad a ConstruInforme y a sus filiales, directivos, agentes y empleados por las reclamaciones, demandas o acciones legales que se puedan derivar del uso de los Servicios o de la infracci\u00f3n de estas condiciones o que est\u00e9n relacionados con los mismos, incluidos cualesquiera responsabilidad o gasto que se deriven de las reclamaciones, p\u00e9rdidas, da\u00f1os, demandas, juicios, costes procesales y honorarios de abogados.<br \/>\n<\/span><\/p>\n<h2 dir=\"ltr\"><span style=\"color: #000000;\">Acerca de estas condiciones<\/span><\/h2>\n<p><span style=\"color: #000000;\">ConstruInforme puede modificar estas condiciones o las condiciones adicionales que se apliquen a un Servicio para, por ejemplo, reflejar cambios legislativos o en los Servicios. Te recomendamos que consultes las condiciones de forma peri\u00f3dica. ConstruInforme publicar\u00e1 avisos relacionados con las modificaciones de estas condiciones en esta p\u00e1gina. Asimismo, publicar\u00e1 avisos relacionados con las modificaciones que se hagan en las condiciones adicionales del Servicio correspondiente. Las modificaciones no se aplicar\u00e1n con car\u00e1cter retroactivo y entrar\u00e1n en vigor en un plazo no inferior a 14 d\u00edas a partir de la fecha de su publicaci\u00f3n. No obstante, las modificaciones que afecten a nuevas funciones de un Servicio o los cambios que se hagan por cuestiones legales entrar\u00e1n en vigor de forma inmediata. Si no aceptas las condiciones modificadas de un Servicio, deber\u00e1s dejar de usar dicho Servicio.<\/span><br \/>\n<span style=\"color: #000000;\"> En caso de conflicto entre estas condiciones y las condiciones adicionales, estas condiciones prevalecer\u00e1n sobre las condiciones adicionales.<\/span><br \/>\n<span style=\"color: #000000;\"> Estas condiciones rigen la relaci\u00f3n entre ConstruInforme y t\u00fa, y no generan ning\u00fan derecho del que pueda ser beneficiario un tercero.<\/span><br \/>\n<span style=\"color: #000000;\"> Si no cumples estas condiciones y ConstruInforme no toma ninguna medida al respecto de forma inmediata, no se entender\u00e1 que ConstruInforme renuncia a los derechos de los que pueda disponer (como, por ejemplo, llevar a cabo acciones en el futuro).<\/span><br \/>\n<span style=\"color: #000000;\"> En el caso de que una condici\u00f3n determinada no sea de obligado cumplimiento, el resto de condiciones no se ver\u00e1n afectadas.<\/span><br \/>\n<span style=\"color: #000000;\"> Las leyes de COSTA RICA se aplicar\u00e1n a cualquier litigio que se derive de estas condiciones o de los Servicios o que est\u00e9 relacionado con los mismos, sin que tengan efecto las disposiciones sobre conflictos de leyes. Tanto ConstruInforme como t\u00fa acept\u00e1is someteros a la jurisdicci\u00f3n exclusiva de los tribunales Costarricenses para solucionar las reclamaciones derivadas de estas condiciones o de los Servicio o relacionadas con los mismos.<\/span><br \/>\n<span style=\"color: #000000;\"> Para obtener m\u00e1s informaci\u00f3n sobre c\u00f3mo ponerte en contacto con ConstruInforme, accede a la <a href=\"http:\/\/construinforme.com\/main\/contactenos\/\"><span style=\"color: #000000;\">p\u00e1gina de contacto<\/span><\/a>.<\/span><strong id=\"internal-source-marker_0.015998527640476823\"><br \/>\n<\/strong><\/p>\n","protected":false},"excerpt":{"rendered":"<p>Te damos la bienvenida a ConstruInforme Te agradecemos que uses los productos y los servicios de ConstruInforme (en adelante, los \u00abServicios\u00bb). Los Servicios se proporcionan a trav\u00e9s de ConstruInforme.com (en adelante, \u00abConstruInforme\u00bb), cuyo domicilio social est\u00e1 ubicado en Escazu, Costa Rica. El uso de nuestros Servicios implica la aceptaci\u00f3n de estas condiciones. Te recomendamos que [&hellip;]<\/p>\n","protected":false},"author":1,"featured_media":0,"parent":0,"menu_order":0,"comment_status":"open","ping_status":"open","template":"","meta":{"footnotes":""},"class_list":["post-49","page","type-page","status-publish","hentry"],"_links":{"self":[{"href":"https:\/\/new.construinforme.com\/index.php?rest_route=\/wp\/v2\/pages\/49","targetHints":{"allow":["GET"]}}],"collection":[{"href":"https:\/\/new.construinforme.com\/index.php?rest_route=\/wp\/v2\/pages"}],"about":[{"href":"https:\/\/new.construinforme.com\/index.php?rest_route=\/wp\/v2\/types\/page"}],"author":[{"embeddable":true,"href":"https:\/\/new.construinforme.com\/index.php?rest_route=\/wp\/v2\/users\/1"}],"replies":[{"embeddable":true,"href":"https:\/\/new.construinforme.com\/index.php?rest_route=%2Fwp%2Fv2%2Fcomments&post=49"}],"version-history":[{"count":0,"href":"https:\/\/new.construinforme.com\/index.php?rest_route=\/wp\/v2\/pages\/49\/revisions"}],"wp:attachment":[{"href":"https:\/\/new.construinforme.com\/index.php?rest_route=%2Fwp%2Fv2%2Fmedia&parent=49"}],"curies":[{"name":"wp","href":"https:\/\/api.w.org\/{rel}","templated":true}]}}