{"id":33,"date":"2012-02-20T20:54:31","date_gmt":"2012-02-20T20:54:31","guid":{"rendered":"http:\/\/construinforme.com\/main\/?page_id=33"},"modified":"2012-02-20T20:54:31","modified_gmt":"2012-02-20T20:54:31","slug":"politica-de-seguridad-y-privacidad","status":"publish","type":"page","link":"https:\/\/new.construinforme.com\/?page_id=33","title":{"rendered":"Pol\u00edtica de Seguridad &#038; Privacidad"},"content":{"rendered":"<p><strong id=\"internal-source-marker_0.37263996386900544\">Pol\u00edtica de Seguridad &amp; Privacidad<\/strong><\/p>\n<p>XOFT S.A. es titular de esta p\u00e1gina web (<a title=\"ConstruInforme\" href=\"http:\/\/construinforme.com\">construinforme.com<\/a>). El usuario autoriza el tratamiento automatizado de los datos personales que suministre al utilizar el env\u00edo de informaci\u00f3n por medio de los formularios en la pagina web o escribir a cualquier direcci\u00f3n de correo electr\u00f3nico. Los datos suministrados no ser\u00e1n cedidos en ning\u00fan caso a terceros. El usuario aceptar\u00e1 estas condiciones establecidas cuando pulsa el bot\u00f3n &#8216;ENVIAR&#8217; que se encuentre en los formularios en la pagina web. La informaci\u00f3n personal recabada de los usuarios registrados es almacenada en bases de datos propiedad de XOFT S.A., que asume las medidas de \u00edndole t\u00e9cnica, organizativa y de seguridad que garanticen la confidencialidad e integridad de la informaci\u00f3n suministrada. Cualquier usuario puede ejercer su derecho a acceder, rectificar y, en su caso, eliminar sus datos de car\u00e1cter personal suministrados, mediante comunicaci\u00f3n escrita dirigida a XOFT S.A. \u00a0(email@xoft.net)<\/p>\n<p><strong>Aviso legal<\/strong><\/p>\n<p>La p\u00e1gina web <a title=\"ConstruInforme\" href=\"http:\/\/construinforme.com\">construinforme.com<\/a> es un sitio web que ofrece informaci\u00f3n general relacionada con la industria de la construcci\u00f3n. Todos los contenidos del sitio o los enlaces que existieran a otros sitios son \u00fanicamente para fines informativos y no constituyen consejo o asesor\u00eda.<\/p>\n<p><strong>Propiedad Intelectual.<\/strong><\/p>\n<p>Quedan reservados todos los derechos de Propiedad Industrial e Intelectual de los elementos que integran el dise\u00f1o gr\u00e1fico de su p\u00e1gina Web, los men\u00fas, botones de navegaci\u00f3n, el c\u00f3digo HTML, el c\u00f3digo fuente, los textos, im\u00e1genes, logotipos, fotograf\u00edas y cualquier otro contenido de la p\u00e1gina web.<\/p>\n","protected":false},"excerpt":{"rendered":"<p>Pol\u00edtica de Seguridad &amp; Privacidad XOFT S.A. es titular de esta p\u00e1gina web (construinforme.com). El usuario autoriza el tratamiento automatizado de los datos personales que suministre al utilizar el env\u00edo de informaci\u00f3n por medio de los formularios en la pagina web o escribir a cualquier direcci\u00f3n de correo electr\u00f3nico. Los datos suministrados no ser\u00e1n cedidos [&hellip;]<\/p>\n","protected":false},"author":1,"featured_media":0,"parent":0,"menu_order":0,"comment_status":"open","ping_status":"open","template":"","meta":{"footnotes":""},"class_list":["post-33","page","type-page","status-publish","hentry"],"_links":{"self":[{"href":"https:\/\/new.construinforme.com\/index.php?rest_route=\/wp\/v2\/pages\/33","targetHints":{"allow":["GET"]}}],"collection":[{"href":"https:\/\/new.construinforme.com\/index.php?rest_route=\/wp\/v2\/pages"}],"about":[{"href":"https:\/\/new.construinforme.com\/index.php?rest_route=\/wp\/v2\/types\/page"}],"author":[{"embeddable":true,"href":"https:\/\/new.construinforme.com\/index.php?rest_route=\/wp\/v2\/users\/1"}],"replies":[{"embeddable":true,"href":"https:\/\/new.construinforme.com\/index.php?rest_route=%2Fwp%2Fv2%2Fcomments&post=33"}],"version-history":[{"count":0,"href":"https:\/\/new.construinforme.com\/index.php?rest_route=\/wp\/v2\/pages\/33\/revisions"}],"wp:attachment":[{"href":"https:\/\/new.construinforme.com\/index.php?rest_route=%2Fwp%2Fv2%2Fmedia&parent=33"}],"curies":[{"name":"wp","href":"https:\/\/api.w.org\/{rel}","templated":true}]}}